{"id":74,"date":"2018-09-03T07:00:08","date_gmt":"2018-09-03T07:00:08","guid":{"rendered":"https:\/\/breedland.de\/?page_id=74"},"modified":"2023-12-29T18:31:37","modified_gmt":"2023-12-29T18:31:37","slug":"breedland-2","status":"publish","type":"page","link":"https:\/\/breedland.de\/?page_id=74","title":{"rendered":"Breedland"},"content":{"rendered":"<p><img width=\"660\" height=\"371\" src=\"https:\/\/breedland.de\/wp-content\/uploads\/2020\/05\/breedland-2020-760-1024x576.jpg\" alt=\"\" loading=\"lazy\" srcset=\"https:\/\/breedland.de\/wp-content\/uploads\/2020\/05\/breedland-2020-760-1024x576.jpg 1024w, https:\/\/breedland.de\/wp-content\/uploads\/2020\/05\/breedland-2020-760-300x169.jpg 300w, https:\/\/breedland.de\/wp-content\/uploads\/2020\/05\/breedland-2020-760-150x84.jpg 150w, https:\/\/breedland.de\/wp-content\/uploads\/2020\/05\/breedland-2020-760-768x432.jpg 768w, https:\/\/breedland.de\/wp-content\/uploads\/2020\/05\/breedland-2020-760.jpg 1500w\" sizes=\"(max-width: 660px) 100vw, 660px\" \/>\t\t\t\t\t\t\t\t\t\t\t\t\t\t<\/p>\n<p><b>Hauptamtliches Team:<\/b><\/p>\n<p><strong>Morthen Froese<\/strong>:\u00a0Hausleitung\/ P\u00e4dagoge<\/p>\n<p><strong>Celina \u00dcreten<\/strong>: P\u00e4dagogin\u00a0<\/p>\n<figure class='gallery-item'>\n\t\t\t\t<a data-elementor-open-lightbox=\"yes\" data-elementor-lightbox-slideshow=\"1204b7a\" data-elementor-lightbox-title=\"Morthen Froese\" href='https:\/\/breedland.de\/wp-content\/uploads\/2020\/12\/IMG-20201208-WA0000.jpg'><img width=\"150\" height=\"150\" src=\"https:\/\/breedland.de\/wp-content\/uploads\/2020\/12\/IMG-20201208-WA0000-150x150.jpg\" alt=\"\" loading=\"lazy\" aria-describedby=\"gallery-1-1525\" srcset=\"https:\/\/breedland.de\/wp-content\/uploads\/2020\/12\/IMG-20201208-WA0000-150x150.jpg 150w, https:\/\/breedland.de\/wp-content\/uploads\/2020\/12\/IMG-20201208-WA0000-300x300.jpg 300w, https:\/\/breedland.de\/wp-content\/uploads\/2020\/12\/IMG-20201208-WA0000.jpg 473w\" sizes=\"(max-width: 150px) 100vw, 150px\" \/><\/a><figcaption class='wp-caption-text gallery-caption' id='gallery-1-1525'>\n\t\t\t\tMorthen Froese<br \/>\n\t\t\t\t<\/figcaption><\/figure>\n<figure class='gallery-item'>\n\t\t\t\t<a data-elementor-open-lightbox=\"yes\" data-elementor-lightbox-slideshow=\"1204b7a\" data-elementor-lightbox-title=\"IMG_2741\" href='https:\/\/breedland.de\/wp-content\/uploads\/2022\/08\/IMG_2741.jpg'><img width=\"150\" height=\"150\" src=\"https:\/\/breedland.de\/wp-content\/uploads\/2022\/08\/IMG_2741-150x150.jpg\" alt=\"\" loading=\"lazy\" aria-describedby=\"gallery-1-1833\" srcset=\"https:\/\/breedland.de\/wp-content\/uploads\/2022\/08\/IMG_2741-150x150.jpg 150w, https:\/\/breedland.de\/wp-content\/uploads\/2022\/08\/IMG_2741.jpg 225w\" sizes=\"(max-width: 150px) 100vw, 150px\" \/><\/a><figcaption class='wp-caption-text gallery-caption' id='gallery-1-1833'>\n\t\t\t\tCelina \u00dcreten<br \/>\n\t\t\t\t<\/figcaption><\/figure>\n<p>\u00a0<\/p>\n<p><strong>Vorstand:<\/strong><\/p>\n<p><b>Mirco Zimmermann:<\/b> 1. Vorsitzende<\/p>\n<p><b>Janina Katschewitz:<\/b> 2. Vorsitzende<\/p>\n<p><b>Marianne Gramatzki:<\/b> Protokollantin<\/p>\n<p><b>Morthen Froese:<\/b> Kassenwart<\/p>\n<p>\u00a0<\/p>\n<figure class='gallery-item'>\n\t\t\t\t<img width=\"150\" height=\"150\" src=\"https:\/\/breedland.de\/wp-content\/uploads\/2018\/12\/breedland-2018-1846-150x150.jpg\" alt=\"\" loading=\"lazy\" aria-describedby=\"gallery-2-627\" srcset=\"https:\/\/breedland.de\/wp-content\/uploads\/2018\/12\/breedland-2018-1846-150x150.jpg 150w, https:\/\/breedland.de\/wp-content\/uploads\/2018\/12\/breedland-2018-1846-300x300.jpg 300w, https:\/\/breedland.de\/wp-content\/uploads\/2018\/12\/breedland-2018-1846-768x768.jpg 768w, https:\/\/breedland.de\/wp-content\/uploads\/2018\/12\/breedland-2018-1846.jpg 855w\" sizes=\"(max-width: 150px) 100vw, 150px\" \/><figcaption class='wp-caption-text gallery-caption' id='gallery-2-627'>\n\t\t\t\tMirco Zimmermann<br \/>\n\t\t\t\t<\/figcaption><\/figure>\n<figure class='gallery-item'>\n\t\t\t\t<img width=\"150\" height=\"150\" src=\"https:\/\/breedland.de\/wp-content\/uploads\/2018\/11\/portraits-7-von-7-150x150.jpg\" alt=\"\" loading=\"lazy\" aria-describedby=\"gallery-2-567\" srcset=\"https:\/\/breedland.de\/wp-content\/uploads\/2018\/11\/portraits-7-von-7-150x150.jpg 150w, https:\/\/breedland.de\/wp-content\/uploads\/2018\/11\/portraits-7-von-7-300x300.jpg 300w, https:\/\/breedland.de\/wp-content\/uploads\/2018\/11\/portraits-7-von-7-768x768.jpg 768w, https:\/\/breedland.de\/wp-content\/uploads\/2018\/11\/portraits-7-von-7-1024x1024.jpg 1024w, https:\/\/breedland.de\/wp-content\/uploads\/2018\/11\/portraits-7-von-7.jpg 1500w\" sizes=\"(max-width: 150px) 100vw, 150px\" \/><figcaption class='wp-caption-text gallery-caption' id='gallery-2-567'>\n\t\t\t\tJanina Katschewitz<br \/>\n\t\t\t\t<\/figcaption><\/figure>\n<figure class='gallery-item'>\n\t\t\t\t<img width=\"150\" height=\"150\" src=\"https:\/\/breedland.de\/wp-content\/uploads\/2018\/11\/portraits-5-von-5-150x150.jpg\" alt=\"\" loading=\"lazy\" aria-describedby=\"gallery-2-616\" srcset=\"https:\/\/breedland.de\/wp-content\/uploads\/2018\/11\/portraits-5-von-5-150x150.jpg 150w, https:\/\/breedland.de\/wp-content\/uploads\/2018\/11\/portraits-5-von-5-300x300.jpg 300w, https:\/\/breedland.de\/wp-content\/uploads\/2018\/11\/portraits-5-von-5-768x768.jpg 768w, https:\/\/breedland.de\/wp-content\/uploads\/2018\/11\/portraits-5-von-5-1024x1024.jpg 1024w, https:\/\/breedland.de\/wp-content\/uploads\/2018\/11\/portraits-5-von-5.jpg 1500w\" sizes=\"(max-width: 150px) 100vw, 150px\" \/><figcaption class='wp-caption-text gallery-caption' id='gallery-2-616'>\n\t\t\t\tMarianne Gramatzki<br \/>\n\t\t\t\t<\/figcaption><\/figure>\n<figure class='gallery-item'>\n\t\t\t\t<img width=\"150\" height=\"150\" src=\"https:\/\/breedland.de\/wp-content\/uploads\/2020\/12\/IMG-20201208-WA0000-150x150.jpg\" alt=\"\" loading=\"lazy\" aria-describedby=\"gallery-2-1525\" srcset=\"https:\/\/breedland.de\/wp-content\/uploads\/2020\/12\/IMG-20201208-WA0000-150x150.jpg 150w, https:\/\/breedland.de\/wp-content\/uploads\/2020\/12\/IMG-20201208-WA0000-300x300.jpg 300w, https:\/\/breedland.de\/wp-content\/uploads\/2020\/12\/IMG-20201208-WA0000.jpg 473w\" sizes=\"(max-width: 150px) 100vw, 150px\" \/><figcaption class='wp-caption-text gallery-caption' id='gallery-2-1525'>\n\t\t\t\tMorthen Froese<br \/>\n\t\t\t\t<\/figcaption><\/figure>\n<p><strong>Ehrenamtliche MitarbeiterInnen<\/strong><\/p>\n<figure><img src=\"https:\/\/breedland.de\/wp-content\/uploads\/2018\/11\/portraits-3-von-5-150x150.jpg\" alt=\"Emy Heinrich\" \/><figcaption>Emy Heinrich<\/figcaption><\/figure>\n<figure><img src=\"https:\/\/breedland.de\/wp-content\/uploads\/2022\/01\/Nina-Stehning-150x150.jpg\" alt=\"Nina Stehning\" \/><figcaption>Nina Stehning<\/figcaption><\/figure>\n<figure><img src=\"https:\/\/breedland.de\/wp-content\/uploads\/2022\/01\/Nele-Petersen-143x150.jpg\" alt=\"Nele Petersen\" \/><figcaption>Nele Petersen<\/figcaption><\/figure>\n<figure><img src=\"https:\/\/breedland.de\/wp-content\/uploads\/2020\/02\/20200224_172340-150x150.jpg\" alt=\"Levin Remus\" \/><figcaption>Levin Remus<\/figcaption><\/figure>\n<figure><img src=\"https:\/\/breedland.de\/wp-content\/uploads\/2020\/02\/20200210_145715-150x150.jpg\" alt=\"Celina Mick\" \/><figcaption>Celina Mick<\/figcaption><\/figure>\n<figure><img src=\"https:\/\/breedland.de\/wp-content\/uploads\/2020\/02\/aeroe-2-2-150x150.jpg\" alt=\"Felix Ewald\" \/><figcaption>Felix Ewald<\/figcaption><\/figure>\n<figure><img src=\"https:\/\/breedland.de\/wp-content\/uploads\/2020\/02\/aeroe-2-150x150.jpg\" alt=\"Mandy Ewald\" \/><figcaption>Mandy Ewald<\/figcaption><\/figure>\n<figure><img src=\"https:\/\/breedland.de\/wp-content\/uploads\/2018\/11\/portraits-6-von-7-150x150.jpg\" alt=\"Jutta Jahnke\" \/><figcaption>Jutta Jahnke<\/figcaption><\/figure>\n<figure><img src=\"https:\/\/breedland.de\/wp-content\/uploads\/2018\/11\/portraits-5-von-5-150x150.jpg\" alt=\"Marianne Gramatzki\" \/><figcaption>Marianne Gramatzki<\/figcaption><\/figure>\n<figure><img src=\"https:\/\/breedland.de\/wp-content\/uploads\/2019\/02\/IMG-20190206-WA0000-150x150.jpg\" alt=\"Christina Maria Tr\u00f6ber\" \/><figcaption>Christina Maria Tr\u00f6ber<\/figcaption><\/figure>\n<figure><img src=\"https:\/\/breedland.de\/wp-content\/uploads\/2018\/11\/portraits-4-von-7-150x150.jpg\" alt=\"Ilse Bauer\" \/><figcaption>Ilse Bauer<\/figcaption><\/figure>\n<figure><img src=\"https:\/\/breedland.de\/wp-content\/uploads\/2018\/11\/portraits-5-von-7-150x150.jpg\" alt=\"Hannelore Melzer\" \/><figcaption>Hannelore Melzer<\/figcaption><\/figure>\n<p>\t\t\t\t\t\tZur\u00fcck<br \/>\n\t\t\t\t\t\tWeiter<br \/>\n\t\t\t\t\t\t\t\t\t\t\t\t\t<a href=\"https:\/\/www.paritaet-sh.org\/startseite\/\"><br \/>\n\t\t\t\t\t\t\t<img width=\"300\" height=\"73\" src=\"https:\/\/breedland.de\/wp-content\/uploads\/2018\/11\/new_logo-300x73.gif\" alt=\"\" loading=\"lazy\" srcset=\"https:\/\/breedland.de\/wp-content\/uploads\/2018\/11\/new_logo-300x73.gif 300w, https:\/\/breedland.de\/wp-content\/uploads\/2018\/11\/new_logo-150x37.gif 150w\" sizes=\"(max-width: 300px) 100vw, 300px\" \/>\t\t\t\t\t\t\t\t<\/a><\/p>\n<figure>\n\t\t\t\t\t\t\t\t\t\t\t<a href=\"http:\/\/dl3lbr.darc.de\/index.html\"><br \/>\n\t\t\t\t\t\t\t<img width=\"150\" height=\"105\" src=\"https:\/\/breedland.de\/wp-content\/uploads\/2018\/11\/darc-150x105.jpg\" alt=\"\" loading=\"lazy\" srcset=\"https:\/\/breedland.de\/wp-content\/uploads\/2018\/11\/darc-150x105.jpg 150w, https:\/\/breedland.de\/wp-content\/uploads\/2018\/11\/darc.jpg 180w\" sizes=\"(max-width: 150px) 100vw, 150px\" \/>\t\t\t\t\t\t\t\t<\/a><figcaption>Vereinsmitglied<\/figcaption><\/figure>\n<p>\t\t\t\t\t\t\t\t\t\t\t\t<img width=\"240\" height=\"300\" src=\"https:\/\/breedland.de\/wp-content\/uploads\/2019\/08\/c1-240x300.jpg\" alt=\"\" loading=\"lazy\" srcset=\"https:\/\/breedland.de\/wp-content\/uploads\/2019\/08\/c1-240x300.jpg 240w, https:\/\/breedland.de\/wp-content\/uploads\/2019\/08\/c1-120x150.jpg 120w, https:\/\/breedland.de\/wp-content\/uploads\/2019\/08\/c1-768x960.jpg 768w, https:\/\/breedland.de\/wp-content\/uploads\/2019\/08\/c1-819x1024.jpg 819w, https:\/\/breedland.de\/wp-content\/uploads\/2019\/08\/c1.jpg 1200w\" sizes=\"(max-width: 240px) 100vw, 240px\" \/><br \/>\n\t\t\t\t\t\t\t\t\t\t\t\t<img width=\"240\" height=\"300\" src=\"https:\/\/breedland.de\/wp-content\/uploads\/2019\/08\/c2-240x300.jpg\" alt=\"\" loading=\"lazy\" srcset=\"https:\/\/breedland.de\/wp-content\/uploads\/2019\/08\/c2-240x300.jpg 240w, https:\/\/breedland.de\/wp-content\/uploads\/2019\/08\/c2-120x150.jpg 120w, https:\/\/breedland.de\/wp-content\/uploads\/2019\/08\/c2-768x960.jpg 768w, https:\/\/breedland.de\/wp-content\/uploads\/2019\/08\/c2-819x1024.jpg 819w, https:\/\/breedland.de\/wp-content\/uploads\/2019\/08\/c2.jpg 1200w\" sizes=\"(max-width: 240px) 100vw, 240px\" \/><\/p>\n","protected":false},"excerpt":{"rendered":"<p>Hauptamtliches Team: Morthen Froese:\u00a0Hausleitung\/ P\u00e4dagoge Celina \u00dcreten: P\u00e4dagogin\u00a0 Morthen Froese Celina \u00dcreten \u00a0 Vorstand: Mirco Zimmermann: 1. Vorsitzende Janina Katschewitz: 2. Vorsitzende Marianne Gramatzki: Protokollantin Morthen Froese: Kassenwart \u00a0 Mirco Zimmermann Janina Katschewitz Marianne Gramatzki Morthen Froese Ehrenamtliche MitarbeiterInnen Emy Heinrich Nina Stehning Nele Petersen Levin Remus Celina Mick Felix Ewald Mandy Ewald Jutta Jahnke &hellip; <a href=\"https:\/\/breedland.de\/?page_id=74\" class=\"more-link\"><span class=\"screen-reader-text\">Breedland<\/span> weiterlesen<\/a><\/p>\n","protected":false},"author":1,"featured_media":0,"parent":0,"menu_order":0,"comment_status":"closed","ping_status":"closed","template":"","meta":[],"_links":{"self":[{"href":"https:\/\/breedland.de\/index.php?rest_route=\/wp\/v2\/pages\/74"}],"collection":[{"href":"https:\/\/breedland.de\/index.php?rest_route=\/wp\/v2\/pages"}],"about":[{"href":"https:\/\/breedland.de\/index.php?rest_route=\/wp\/v2\/types\/page"}],"author":[{"embeddable":true,"href":"https:\/\/breedland.de\/index.php?rest_route=\/wp\/v2\/users\/1"}],"replies":[{"embeddable":true,"href":"https:\/\/breedland.de\/index.php?rest_route=%2Fwp%2Fv2%2Fcomments&post=74"}],"version-history":[{"count":101,"href":"https:\/\/breedland.de\/index.php?rest_route=\/wp\/v2\/pages\/74\/revisions"}],"predecessor-version":[{"id":1985,"href":"https:\/\/breedland.de\/index.php?rest_route=\/wp\/v2\/pages\/74\/revisions\/1985"}],"wp:attachment":[{"href":"https:\/\/breedland.de\/index.php?rest_route=%2Fwp%2Fv2%2Fmedia&parent=74"}],"curies":[{"name":"wp","href":"https:\/\/api.w.org\/{rel}","templated":true}]}}