{"id":192,"date":"2018-09-04T11:54:41","date_gmt":"2018-09-04T11:54:41","guid":{"rendered":"https:\/\/breedland.de\/?page_id=192"},"modified":"2023-12-29T18:25:00","modified_gmt":"2023-12-29T18:25:00","slug":"willkommen","status":"publish","type":"page","link":"https:\/\/breedland.de\/","title":{"rendered":"Willkommen"},"content":{"rendered":"<p><img width=\"660\" height=\"495\" src=\"https:\/\/breedland.de\/wp-content\/uploads\/2020\/05\/breedland-2020-780-1024x768.jpg\" alt=\"\" loading=\"lazy\" srcset=\"https:\/\/breedland.de\/wp-content\/uploads\/2020\/05\/breedland-2020-780-1024x768.jpg 1024w, https:\/\/breedland.de\/wp-content\/uploads\/2020\/05\/breedland-2020-780-300x225.jpg 300w, https:\/\/breedland.de\/wp-content\/uploads\/2020\/05\/breedland-2020-780-150x113.jpg 150w, https:\/\/breedland.de\/wp-content\/uploads\/2020\/05\/breedland-2020-780-768x576.jpg 768w, https:\/\/breedland.de\/wp-content\/uploads\/2020\/05\/breedland-2020-780.jpg 1500w\" sizes=\"(max-width: 660px) 100vw, 660px\" \/><br \/>\n\t\t\t\t\t\t\t\t\t\t\t\t<img width=\"660\" height=\"495\" src=\"https:\/\/breedland.de\/wp-content\/uploads\/2020\/05\/breedland-2020-779-1024x768.jpg\" alt=\"\" loading=\"lazy\" srcset=\"https:\/\/breedland.de\/wp-content\/uploads\/2020\/05\/breedland-2020-779-1024x768.jpg 1024w, https:\/\/breedland.de\/wp-content\/uploads\/2020\/05\/breedland-2020-779-300x225.jpg 300w, https:\/\/breedland.de\/wp-content\/uploads\/2020\/05\/breedland-2020-779-150x113.jpg 150w, https:\/\/breedland.de\/wp-content\/uploads\/2020\/05\/breedland-2020-779-768x576.jpg 768w, https:\/\/breedland.de\/wp-content\/uploads\/2020\/05\/breedland-2020-779.jpg 1500w\" sizes=\"(max-width: 660px) 100vw, 660px\" \/><br \/>\n\t\t\t\t\t\t\t\t\t\t\t\t<img width=\"425\" height=\"224\" src=\"https:\/\/breedland.de\/wp-content\/uploads\/2018\/09\/foh-4.jpg\" alt=\"\" loading=\"lazy\" srcset=\"https:\/\/breedland.de\/wp-content\/uploads\/2018\/09\/foh-4.jpg 425w, https:\/\/breedland.de\/wp-content\/uploads\/2018\/09\/foh-4-300x158.jpg 300w\" sizes=\"(max-width: 425px) 100vw, 425px\" \/>\t\t\t\t\t\t\t\t\t\t\t\t\t\t<\/p>\n<p>Unser Jugendzentrum, der Verein Begegnungsst\u00e4tte Breedland e.V., gestaltet Freizeitangebote f\u00fcr Kinder, Jugendliche und Erwachsene im Sozialraum M\u00fcrwik \/ Fruerlund. Ein Programm erscheint zweimal j\u00e4hrlich. Die Interessen der Kinder und Jugendlichen werden von Morthen Froese und Celina \u00dcreten, zwei hauptamtlichen P\u00e4dagogInnen, gef\u00f6rdert. Weitere Unterst\u00fctzung geben Ehrenamtliche zwischen 15 und 80 Jahren. Die Selbstverwaltung und Instandhaltung von Geb\u00e4uden und Gel\u00e4nde sind Grundlage f\u00fcr gemeinsame Erlebnisse auf dem naturbelassenem Gel\u00e4nde. Die Finanzierung erfolgt \u00fcber Mitgliedsbeitr\u00e4ge, Spenden und Geldern aus dem Etat der Stadt Flensburg.<\/p>\n<p>\t\t\t\t\t<a href=\"https:\/\/www.facebook.com\/juz.breeder.7\" target=\"_blank\" rel=\"noopener\"><br \/>\n\t\t\t\t\t\tFacebook<br \/>\n\t\t\t\t\t\t\t\t\t\t\t<\/a><br \/>\n\t\t\t\t\t<a href=\"https:\/\/www.instagram.com\/breedland2018\/\" target=\"_blank\" rel=\"noopener\"><br \/>\n\t\t\t\t\t\tInstagram<br \/>\n\t\t\t\t\t\t\t\t\t\t\t<\/a><br \/>\n\t\t\t\t\t\t\t\t\t\t\t\t<img width=\"242\" height=\"300\" src=\"https:\/\/breedland.de\/wp-content\/uploads\/2020\/08\/20200804_175555-242x300.jpg\" alt=\"\" loading=\"lazy\" srcset=\"https:\/\/breedland.de\/wp-content\/uploads\/2020\/08\/20200804_175555-242x300.jpg 242w, https:\/\/breedland.de\/wp-content\/uploads\/2020\/08\/20200804_175555-826x1024.jpg 826w, https:\/\/breedland.de\/wp-content\/uploads\/2020\/08\/20200804_175555-121x150.jpg 121w, https:\/\/breedland.de\/wp-content\/uploads\/2020\/08\/20200804_175555-768x952.jpg 768w, https:\/\/breedland.de\/wp-content\/uploads\/2020\/08\/20200804_175555.jpg 1210w\" sizes=\"(max-width: 242px) 100vw, 242px\" \/><br \/>\n\t\t\t\t\t\t\t\t\t\t\t\t<img width=\"660\" height=\"825\" src=\"https:\/\/breedland.de\/wp-content\/uploads\/2019\/08\/c3-819x1024.jpg\" alt=\"\" loading=\"lazy\" srcset=\"https:\/\/breedland.de\/wp-content\/uploads\/2019\/08\/c3-819x1024.jpg 819w, https:\/\/breedland.de\/wp-content\/uploads\/2019\/08\/c3-120x150.jpg 120w, https:\/\/breedland.de\/wp-content\/uploads\/2019\/08\/c3-240x300.jpg 240w, https:\/\/breedland.de\/wp-content\/uploads\/2019\/08\/c3-768x960.jpg 768w, https:\/\/breedland.de\/wp-content\/uploads\/2019\/08\/c3.jpg 1200w\" sizes=\"(max-width: 660px) 100vw, 660px\" \/><br \/>\n\t\t\t\t\t\t\t\t\t\t\t\t<img width=\"660\" height=\"660\" src=\"https:\/\/breedland.de\/wp-content\/uploads\/2019\/08\/c5.jpg\" alt=\"\" loading=\"lazy\" srcset=\"https:\/\/breedland.de\/wp-content\/uploads\/2019\/08\/c5.jpg 895w, https:\/\/breedland.de\/wp-content\/uploads\/2019\/08\/c5-150x150.jpg 150w, https:\/\/breedland.de\/wp-content\/uploads\/2019\/08\/c5-300x300.jpg 300w, https:\/\/breedland.de\/wp-content\/uploads\/2019\/08\/c5-768x768.jpg 768w\" sizes=\"(max-width: 660px) 100vw, 660px\" \/><br \/>\n\t\t\t\t\t\t\t\t\t\t\t\t<img width=\"660\" height=\"825\" src=\"https:\/\/breedland.de\/wp-content\/uploads\/2019\/08\/c4-819x1024.jpg\" alt=\"\" loading=\"lazy\" srcset=\"https:\/\/breedland.de\/wp-content\/uploads\/2019\/08\/c4-819x1024.jpg 819w, https:\/\/breedland.de\/wp-content\/uploads\/2019\/08\/c4-120x150.jpg 120w, https:\/\/breedland.de\/wp-content\/uploads\/2019\/08\/c4-240x300.jpg 240w, https:\/\/breedland.de\/wp-content\/uploads\/2019\/08\/c4-768x960.jpg 768w, https:\/\/breedland.de\/wp-content\/uploads\/2019\/08\/c4.jpg 1200w\" sizes=\"(max-width: 660px) 100vw, 660px\" \/><\/p>\n","protected":false},"excerpt":{"rendered":"<p>Unser Jugendzentrum, der Verein Begegnungsst\u00e4tte Breedland e.V., gestaltet Freizeitangebote f\u00fcr Kinder, Jugendliche und Erwachsene im Sozialraum M\u00fcrwik \/ Fruerlund. Ein Programm erscheint zweimal j\u00e4hrlich. Die Interessen der Kinder und Jugendlichen werden von Morthen Froese und Celina \u00dcreten, zwei hauptamtlichen P\u00e4dagogInnen, gef\u00f6rdert. Weitere Unterst\u00fctzung geben Ehrenamtliche zwischen 15 und 80 Jahren. Die Selbstverwaltung und Instandhaltung von &hellip; <a href=\"https:\/\/breedland.de\/\" class=\"more-link\"><span class=\"screen-reader-text\">Willkommen<\/span> weiterlesen<\/a><\/p>\n","protected":false},"author":1,"featured_media":0,"parent":0,"menu_order":0,"comment_status":"closed","ping_status":"closed","template":"","meta":[],"_links":{"self":[{"href":"https:\/\/breedland.de\/index.php?rest_route=\/wp\/v2\/pages\/192"}],"collection":[{"href":"https:\/\/breedland.de\/index.php?rest_route=\/wp\/v2\/pages"}],"about":[{"href":"https:\/\/breedland.de\/index.php?rest_route=\/wp\/v2\/types\/page"}],"author":[{"embeddable":true,"href":"https:\/\/breedland.de\/index.php?rest_route=\/wp\/v2\/users\/1"}],"replies":[{"embeddable":true,"href":"https:\/\/breedland.de\/index.php?rest_route=%2Fwp%2Fv2%2Fcomments&post=192"}],"version-history":[{"count":29,"href":"https:\/\/breedland.de\/index.php?rest_route=\/wp\/v2\/pages\/192\/revisions"}],"predecessor-version":[{"id":1983,"href":"https:\/\/breedland.de\/index.php?rest_route=\/wp\/v2\/pages\/192\/revisions\/1983"}],"wp:attachment":[{"href":"https:\/\/breedland.de\/index.php?rest_route=%2Fwp%2Fv2%2Fmedia&parent=192"}],"curies":[{"name":"wp","href":"https:\/\/api.w.org\/{rel}","templated":true}]}}